{"id":26,"date":"2025-07-06T01:54:32","date_gmt":"2025-07-05T23:54:32","guid":{"rendered":"http:\/\/www.arita-fromage.com\/?page_id=26"},"modified":"2025-09-23T00:52:41","modified_gmt":"2025-09-22T15:52:41","slug":"accueil","status":"publish","type":"page","link":"https:\/\/www.arita-fromage.com\/","title":{"rendered":"Accueil"},"content":{"rendered":"\t\t<div data-elementor-type=\"wp-page\" data-elementor-id=\"26\" class=\"elementor elementor-26\">\n\t\t\t\t<div class=\"elementor-element elementor-element-dd1823e e-con-full e-flex e-con e-parent\" data-id=\"dd1823e\" data-element_type=\"container\" data-e-type=\"container\">\n\t\t<div class=\"elementor-element elementor-element-a0dff45 e-con-full e-flex e-con e-child\" data-id=\"a0dff45\" data-element_type=\"container\" data-e-type=\"container\">\n\t\t\t\t<div class=\"elementor-element elementor-element-22c2aed elementor-widget elementor-widget-image\" data-id=\"22c2aed\" data-element_type=\"widget\" data-e-type=\"widget\" data-widget_type=\"image.default\">\n\t\t\t\t<div class=\"elementor-widget-container\">\n\t\t\t\t\t\t\t\t\t\t\t\t<figure class=\"wp-caption\">\n\t\t\t\t\t\t\t\t\t\t\t<a href=\"https:\/\/www.arita-fromage.com\/wp-content\/uploads\/2025\/08\/David_747x1080.jpg\" data-elementor-open-lightbox=\"yes\" data-elementor-lightbox-title=\"David REN\u00c9\" data-e-action-hash=\"#elementor-action%3Aaction%3Dlightbox%26settings%3DeyJpZCI6NjQ0LCJ1cmwiOiJodHRwczpcL1wvd3d3LmFyaXRhLWZyb21hZ2UuY29tXC93cC1jb250ZW50XC91cGxvYWRzXC8yMDI1XC8wOFwvRGF2aWRfNzQ3eDEwODAuanBnIn0%3D\">\n\t\t\t\t\t\t\t<img loading=\"lazy\" decoding=\"async\" width=\"208\" height=\"300\" src=\"https:\/\/www.arita-fromage.com\/wp-content\/uploads\/2025\/08\/David_747x1080-208x300.jpg\" class=\"attachment-medium size-medium wp-image-644\" alt=\"David REN\u00c9\" srcset=\"https:\/\/www.arita-fromage.com\/wp-content\/uploads\/2025\/08\/David_747x1080-208x300.jpg 208w, https:\/\/www.arita-fromage.com\/wp-content\/uploads\/2025\/08\/David_747x1080-708x1024.jpg 708w, https:\/\/www.arita-fromage.com\/wp-content\/uploads\/2025\/08\/David_747x1080.jpg 747w\" sizes=\"auto, (max-width: 208px) 100vw, 208px\" \/>\t\t\t\t\t\t\t\t<\/a>\n\t\t\t\t\t\t\t\t\t\t\t<figcaption class=\"widget-image-caption wp-caption-text\">David REN\u00c9<\/figcaption>\n\t\t\t\t\t\t\t\t\t\t<\/figure>\n\t\t\t\t\t\t\t\t\t<\/div>\n\t\t\t\t<\/div>\n\t\t\t\t<\/div>\n\t\t<div class=\"elementor-element elementor-element-d26e92d e-con-full e-flex e-con e-child\" data-id=\"d26e92d\" data-element_type=\"container\" data-e-type=\"container\">\n\t\t\t\t<div class=\"elementor-element elementor-element-83724ad elementor-widget__width-initial elementor-widget elementor-widget-text-editor\" data-id=\"83724ad\" data-element_type=\"widget\" data-e-type=\"widget\" data-widget_type=\"text-editor.default\">\n\t\t\t\t<div class=\"elementor-widget-container\">\n\t\t\t\t\t\t\t\t\t<p data-start=\"126\" data-end=\"396\">Je m\u2019appelle <strong data-start=\"139\" data-end=\"153\">David REN\u00c9<\/strong>, Fran\u00e7ais install\u00e9 \u00e0 <strong data-start=\"175\" data-end=\"194\">Arita, au Japon<\/strong>.<br data-start=\"195\" data-end=\"198\" \/>Depuis plus de trois ans et demi, je poursuis un projet qui me tient particuli\u00e8rement \u00e0 c\u0153ur : cr\u00e9er une <strong data-start=\"303\" data-end=\"328\">fromagerie artisanale<\/strong> dans cette ville.<\/p><p data-start=\"398\" data-end=\"783\">La soci\u00e9t\u00e9 n\u2019est pas encore officiellement lanc\u00e9e, car le local de fabrication reste \u00e0 trouver. Mais sur tous les autres plans, le projet avance \u00e0 grands pas. \u00c0 travers ce site, je vous propose de <strong data-start=\"595\" data-end=\"620\">suivre cette aventure<\/strong> : mes d\u00e9couvertes, mes r\u00e9ussites, mais aussi les difficult\u00e9s et les impr\u00e9vus qui jalonnent la cr\u00e9ation d\u2019une entreprise au Japon, surtout quand on est \u00e9tranger.<\/p><p data-start=\"785\" data-end=\"1061\">Quand la fromagerie sera enfin sur pied, ce site deviendra sa <strong data-start=\"847\" data-end=\"881\">vitrine commerciale officielle<\/strong>.<br data-start=\"882\" data-end=\"885\" \/>En attendant, il est avant tout un <strong data-start=\"920\" data-end=\"939\">journal de bord<\/strong> o\u00f9 je partage les \u00e9tapes de cette exp\u00e9rience unique \u2013 entre enthousiasme, solitude, d\u00e9sillusions\u2026 et beaucoup d\u2019espoir.<\/p><p data-start=\"1063\" data-end=\"1144\">Pour celles et ceux que cela int\u00e9resse : <strong data-start=\"1104\" data-end=\"1127\">l\u2019aventure continue<\/strong>\u2026 (cheeeese \ud83e\uddc0)<\/p>\t\t\t\t\t\t\t\t<\/div>\n\t\t\t\t<\/div>\n\t\t\t\t<\/div>\n\t\t\t\t<\/div>\n\t\t<div class=\"elementor-element elementor-element-45f61e7 e-flex e-con-boxed e-con e-parent\" data-id=\"45f61e7\" data-element_type=\"container\" data-e-type=\"container\">\n\t\t\t\t\t<div class=\"e-con-inner\">\n\t\t\t\t<div class=\"elementor-element elementor-element-a38fc27 elementor-widget elementor-widget-wp-widget-recent-posts\" data-id=\"a38fc27\" data-element_type=\"widget\" data-e-type=\"widget\" data-widget_type=\"wp-widget-recent-posts.default\">\n\t\t\t\t<div class=\"elementor-widget-container\">\n\t\t\t\t\t\n\t\t\n\t\t<h5>Articles r\u00e9cents<\/h5>\n\t\t<ul>\n\t\t\t\t\t\t\t\t\t\t\t<li>\n\t\t\t\t\t<a href=\"https:\/\/www.arita-fromage.com\/index.php\/en\/arita-fromage-quiche\/\">Arita Fromage quiche<\/a>\n\t\t\t\t\t\t\t\t\t<\/li>\n\t\t\t\t\t\t\t\t\t\t\t<li>\n\t\t\t\t\t<a href=\"https:\/\/www.arita-fromage.com\/index.php\/quiche-au-arita-fromage\/\">Quiche au Arita Fromage<\/a>\n\t\t\t\t\t\t\t\t\t<\/li>\n\t\t\t\t\t\t\t\t\t\t\t<li>\n\t\t\t\t\t<a href=\"https:\/\/www.arita-fromage.com\/index.php\/ja\/arita-fromage-sando\/\">\u6709\u7530fromage\u30b5\u30f3\u30c9<\/a>\n\t\t\t\t\t\t\t\t\t<\/li>\n\t\t\t\t\t\t\t\t\t\t\t<li>\n\t\t\t\t\t<a href=\"https:\/\/www.arita-fromage.com\/index.php\/en\/arita-fromage-sandwich\/\">Arita Fromage sandwich<\/a>\n\t\t\t\t\t\t\t\t\t<\/li>\n\t\t\t\t\t\t\t\t\t\t\t<li>\n\t\t\t\t\t<a href=\"https:\/\/www.arita-fromage.com\/index.php\/sandwich-au-arita-fromage\/\">Sandwich au Arita fromage<\/a>\n\t\t\t\t\t\t\t\t\t<\/li>\n\t\t\t\t\t<\/ul>\n\n\t\t\t\t\t\t<\/div>\n\t\t\t\t<\/div>\n\t\t\t\t\t<\/div>\n\t\t\t\t<\/div>\n\t\t\t\t<\/div>\n\t\t","protected":false},"excerpt":{"rendered":"<p>David REN\u00c9 Je m\u2019appelle David REN\u00c9, Fran\u00e7ais install\u00e9 \u00e0 Arita, au Japon.Depuis plus de trois ans et demi, je poursuis un projet qui me tient particuli\u00e8rement \u00e0 c\u0153ur : cr\u00e9er une fromagerie artisanale dans cette ville. La soci\u00e9t\u00e9 n\u2019est pas encore officiellement lanc\u00e9e, car le local de fabrication reste \u00e0 trouver. Mais sur tous les [&hellip;]<\/p>\n","protected":false},"author":2,"featured_media":32,"parent":0,"menu_order":0,"comment_status":"closed","ping_status":"closed","template":"","meta":{"ocean_post_layout":"","ocean_both_sidebars_style":"","ocean_both_sidebars_content_width":0,"ocean_both_sidebars_sidebars_width":0,"ocean_sidebar":"","ocean_second_sidebar":"","ocean_disable_margins":"enable","ocean_add_body_class":"","ocean_shortcode_before_top_bar":"","ocean_shortcode_after_top_bar":"","ocean_shortcode_before_header":"","ocean_shortcode_after_header":"","ocean_has_shortcode":"","ocean_shortcode_after_title":"","ocean_shortcode_before_footer_widgets":"","ocean_shortcode_after_footer_widgets":"","ocean_shortcode_before_footer_bottom":"","ocean_shortcode_after_footer_bottom":"","ocean_display_top_bar":"default","ocean_display_header":"default","ocean_header_style":"","ocean_center_header_left_menu":"","ocean_custom_header_template":"","ocean_custom_logo":0,"ocean_custom_retina_logo":0,"ocean_custom_logo_max_width":0,"ocean_custom_logo_tablet_max_width":0,"ocean_custom_logo_mobile_max_width":0,"ocean_custom_logo_max_height":0,"ocean_custom_logo_tablet_max_height":0,"ocean_custom_logo_mobile_max_height":0,"ocean_header_custom_menu":"","ocean_menu_typo_font_family":"","ocean_menu_typo_font_subset":"","ocean_menu_typo_font_size":0,"ocean_menu_typo_font_size_tablet":0,"ocean_menu_typo_font_size_mobile":0,"ocean_menu_typo_font_size_unit":"px","ocean_menu_typo_font_weight":"","ocean_menu_typo_font_weight_tablet":"","ocean_menu_typo_font_weight_mobile":"","ocean_menu_typo_transform":"","ocean_menu_typo_transform_tablet":"","ocean_menu_typo_transform_mobile":"","ocean_menu_typo_line_height":0,"ocean_menu_typo_line_height_tablet":0,"ocean_menu_typo_line_height_mobile":0,"ocean_menu_typo_line_height_unit":"","ocean_menu_typo_spacing":0,"ocean_menu_typo_spacing_tablet":0,"ocean_menu_typo_spacing_mobile":0,"ocean_menu_typo_spacing_unit":"","ocean_menu_link_color":"","ocean_menu_link_color_hover":"","ocean_menu_link_color_active":"","ocean_menu_link_background":"","ocean_menu_link_hover_background":"","ocean_menu_link_active_background":"","ocean_menu_social_links_bg":"","ocean_menu_social_hover_links_bg":"","ocean_menu_social_links_color":"","ocean_menu_social_hover_links_color":"","ocean_disable_title":"default","ocean_disable_heading":"default","ocean_post_title":"","ocean_post_subheading":"","ocean_post_title_style":"","ocean_post_title_background_color":"","ocean_post_title_background":0,"ocean_post_title_bg_image_position":"","ocean_post_title_bg_image_attachment":"","ocean_post_title_bg_image_repeat":"","ocean_post_title_bg_image_size":"","ocean_post_title_height":0,"ocean_post_title_bg_overlay":0.5,"ocean_post_title_bg_overlay_color":"","ocean_disable_breadcrumbs":"default","ocean_breadcrumbs_color":"","ocean_breadcrumbs_separator_color":"","ocean_breadcrumbs_links_color":"","ocean_breadcrumbs_links_hover_color":"","ocean_display_footer_widgets":"default","ocean_display_footer_bottom":"default","ocean_custom_footer_template":"","footnotes":""},"class_list":["post-26","page","type-page","status-publish","has-post-thumbnail","hentry","entry","has-media"],"_links":{"self":[{"href":"https:\/\/www.arita-fromage.com\/index.php\/wp-json\/wp\/v2\/pages\/26","targetHints":{"allow":["GET"]}}],"collection":[{"href":"https:\/\/www.arita-fromage.com\/index.php\/wp-json\/wp\/v2\/pages"}],"about":[{"href":"https:\/\/www.arita-fromage.com\/index.php\/wp-json\/wp\/v2\/types\/page"}],"author":[{"embeddable":true,"href":"https:\/\/www.arita-fromage.com\/index.php\/wp-json\/wp\/v2\/users\/2"}],"replies":[{"embeddable":true,"href":"https:\/\/www.arita-fromage.com\/index.php\/wp-json\/wp\/v2\/comments?post=26"}],"version-history":[{"count":53,"href":"https:\/\/www.arita-fromage.com\/index.php\/wp-json\/wp\/v2\/pages\/26\/revisions"}],"predecessor-version":[{"id":973,"href":"https:\/\/www.arita-fromage.com\/index.php\/wp-json\/wp\/v2\/pages\/26\/revisions\/973"}],"wp:featuredmedia":[{"embeddable":true,"href":"https:\/\/www.arita-fromage.com\/index.php\/wp-json\/wp\/v2\/media\/32"}],"wp:attachment":[{"href":"https:\/\/www.arita-fromage.com\/index.php\/wp-json\/wp\/v2\/media?parent=26"}],"curies":[{"name":"wp","href":"https:\/\/api.w.org\/{rel}","templated":true}]}}